 is divided by 38?
30
Calculate the remainder when 34507 is divided by 12.
7
What is the remainder when 553 is divided by 27?
13
Calculate the remainder when 606 is divided by 154.
144
What is the remainder when 48 is divided by 8?
0
What is the remainder when 946 is divided by 1?
0
Calculate the remainder when 212 is divided by 50.
12
What is the remainder when 31 is divided by 24?
7
What is the remainder when 2834 is divided by 63?
62
Calculate the remainder when 230 is divided by 89.
52
What is the remainder when 28 is divided by 27?
1
Calculate the remainder when 178 is divided by 20.
18
What is the remainder when 2861 is divided by 24?
5
What is the remainder when 2324 is divided by 80?
4
What is the remainder when 55 is divided by 38?
17
What is the remainder when 309 is divided by 83?
60
What is the remainder when 499 is divided by 51?
40
What is the remainder when 429 is divided by 24?
21
What is the remainder when 680 is divided by 57?
53
What is the remainder when 232 is divided by 61?
49
Calculate the remainder when 1468 is divided by 21.
19
Calculate the remainder when 172 is divided by 55.
7
Calculate the remainder when 1030 is divided by 11.
7
Calculate the remainder when 394 is divided by 22.
20
What is the remainder when 5306 is divided by 189?
14
What is the remainder when 2038 is divided by 290?
8
Calculate the remainder when 222 is divided by 39.
27
Calculate the remainder when 2125 is divided by 1034.
57
What is the remainder when 2204 is divided by 49?
48
What is the remainder when 769 is divided by 761?
8
What is the remainder when 1067 is divided by 344?
35
Calculate the remainder when 1966 is divided by 197.
193
Calculate the remainder when 880 is divided by 364.
152
Calculate the remainder when 16178 is divided by 56.
50
What is the remainder when 1997 is divided by 69?
65
Calculate the remainder when 1644 is divided by 47.
46
Calculate the remainder when 29 is divided by 17.
12
What is the remainder when 734 is divided by 23?
21
Calculate the remainder when 162 is divided by 71.
20
What is the remainder when 72 is divided by 18?
0
Calculate the remainder when 407 is divided by 136.
135
What is the remainder when 88 is divided by 18?
16
Calculate the remainder when 3471 is divided by 151.
149
Calculate the remainder when 297 is divided by 173.
124
What is the remainder when 294 is divided by 20?
14
Calculate the remainder when 8564 is divided by 126.
122
What is the remainder when 31553 is divided by 343?
340
Calculate the remainder when 511 is divided by 93.
46
What is the remainder when 382 is divided by 7?
4
What is the remainder when 1726 is divided by 8?
6
What is the remainder when 538 is divided by 54?
52
Calculate the remainder when 712 is divided by 38.
28
What is the remainder when 568 is divided by 95?
93
Calculate the remainder when 112 is divided by 54.
4
Calculate the remainder when 573 is divided by 32.
29
What is the remainder when 652 is divided by 170?
142
Calculate the remainder when 698 is divided by 42.
26
Calculate the remainder when 116 is divided by 32.
20
What is the remainder when 165 is divided by 24?
21
Calculate the remainder when 811 is divided by 11.
8
Calculate the remainder when 37 is divided by 7.
2
What is the remainder when 12536 is divided by 66?
62
What is the remainder when 412 is divided by 46?
44
Calculate the remainder when 74 is divided by 38.
36
What is the remainder when 266 is divided by 3?
2
What is the remainder when 338 is divided by 113?
112
What is the remainder when 171 is divided by 64?
43
Calculate the remainder when 134 is divided by 35.
29
Calculate the remainder when 2533 is divided by 31.
22
Calculate the remainder when 1478 is divided by 114.
110
Calculate the remainder when 5220 is divided by 2595.
30
What is the remainder when 85 is divided by 32?
21
What is the remainder when 39 is divided by 22?
17
Calculate the remainder when 4302 is divided by 41.
38
What is the remainder when 43 is divided by 10?
3
Calculate the remainder when 672 is divided by 26.
22
Calculate the remainder when 443 is divided by 150.
143
What is the remainder when 371 is divided by 6?
5
What is the remainder when 412 is divided by 69?
67
What is the remainder when 628 is divided by 308?
12
Calculate the remainder when 45 is divided by 28.
17
What is the remainder when 801 is divided by 42?
3
What is the remainder when 170 is divided by 25?
20
What is the remainder when 98 is divided by 52?
46
Calculate the remainder when 295 is divided by 15.
10
What is the remainder when 3643 is divided by 16?
11
Calculate the remainder when 1540 is divided by 62.
52
What is the remainder when 238 is divided by 76?
10
Calculate the remainder when 1504 is divided by 43.
42
Calculate the remainder when 851 is divided by 70.
11
What is the remainder when 213 is divided by 54?
51
Calculate the remainder when 49 is divided by 17.
15
Calculate the remainder when 165 is divided by 56.
53
What is the remainder when 179 is divided by 61?
57
What is the remainder when 390 is divided by 170?
50
What is the remainder when 237 is divided by 14?
13
What is the remainder when 263 is divided by 28?
11
Calculate the remainder when 619 is divided by 77.
3
Calculate the remainder when 605 is divided by 295.
15
Calculate the remainder when 295 is divided by 151.
144
What is the remainder when 2798 is divided by 929?
11
What is the remainder when 222 is divided by 100?
22
Calculate the remainder when 7679 is divided by 20.
19
What is the remainder when 328 is divided by 156?
16
What is the remainder when 51 is divided by 7?
2
Calculate the remainder when 397 is divided by 75.
22
Calculate the remainder when 146 is divided by 50.
46
Calculate the remainder when 8526 is divided by 16.
14
What is the remainder when 120 is divided by 14?
8
What is the remainder when 126 is divided by 34?
24
Calculate the remainder when 17573 is divided by 101.
100
Calculate the remainder when 110 is divided by 17.
8
What is the remainder when 1438 is divided by 111?
106
What is the remainder when 52 is divided by 27?
25
Calculate the remainder when 235 is divided by 214.
21
Calculate the remainder when 7468 is divided by 90.
88
Calculate the remainder when 69 is divided by 10.
9
What is the remainder when 14559 is divided by 52?
51
What is the remainder when 419 is divided by 35?
34
Calculate the remainder when 21836 is divided by 122.
120
What is the remainder when 277 is divided by 90?
7
What is the remainder when 660 is divided by 170?
150
What is the remainder when 137 is divided by 22?
5
Calculate the remainder when 51 is divided by 26.
25
Calculate the remainder when 683 is divided by 63.
53
Calculate the remainder when 134 is divided by 34.
32
Calculate the remainder when 321 is divided by 38.
17
Calculate the remainder when 113 is divided by 57.
56
Calculate the remainder when 6992 is divided by 24.
8
What is the remainder when 13630 is divided by 142?
140
Calculate the remainder when 147 is divided by 28.
7
Calculate the remainder when 125 is divided by 11.
4
Calculate the remainder when 70 is divided by 19.
13
Calculate the remainder when 64 is divided by 19.
7
What is the remainder when 2009 is divided by 54?
11
Calculate the remainder when 288 is divided by 75.
63
Calculate the remainder when 1513 is divided by 503.
4
Calculate the remainder when 304 is divided by 43.
3
What is the remainder when 250 is divided by 21?
19
What is the remainder when 1455 is divided by 122?
113
What is the remainder when 370 is divided by 169?
32
Calculate the remainder when 98 is divided by 5.
3
What is the remainder when 938 is divided by 116?
10
What is the remainder when 1536 is divided by 68?
40
Calculate the remainder when 2313 is divided by 31.
19
What is the remainder when 677 is divided by 67?
7
Calculate the remainder when 243 is divided by 62.
57
What is the remainder when 4972 is divided by 113?
0
Calculate the remainder when 56419 is divided by 260.
259
Calculate the remainder when 5965 is divided by 13.
11
What is the remainder when 168 is divided by 49?
21
What is the remainder when 595 is divided by 43?
36
Calculate the remainder when 575 is divided by 58.
53
What is the remainder when 46251 is divided by 392?
387
What is the rem